{"id":321,"date":"2022-10-25T18:55:19","date_gmt":"2022-10-25T15:55:19","guid":{"rendered":"http:\/\/eadmitere.ro\/teste-politie\/?page_id=321"},"modified":"2023-07-25T11:17:08","modified_gmt":"2023-07-25T08:17:08","slug":"password-recovery","status":"publish","type":"page","link":"https:\/\/eadmitere.ro\/teste-politie\/password-recovery\/","title":{"rendered":"Password recovery"},"content":{"rendered":"\t\t<div data-elementor-type=\"wp-page\" data-elementor-id=\"321\" class=\"elementor elementor-321\" data-elementor-post-type=\"page\">\n\t\t\t\t\t\t<section class=\"elementor-section elementor-top-section elementor-element elementor-element-6d910438 elementor-section-full_width elementor-section-height-full elementor-section-content-middle elementor-hidden-mobile elementor-section-height-default elementor-section-items-middle\" data-id=\"6d910438\" data-element_type=\"section\" data-e-type=\"section\">\n\t\t\t\t\t\t<div class=\"elementor-container elementor-column-gap-no\">\n\t\t\t\t\t<div class=\"elementor-column elementor-col-100 elementor-top-column elementor-element elementor-element-fdd2b6a\" data-id=\"fdd2b6a\" data-element_type=\"column\" data-e-type=\"column\">\n\t\t\t<div class=\"elementor-widget-wrap elementor-element-populated\">\n\t\t\t\t\t\t<section class=\"elementor-section elementor-inner-section elementor-element elementor-element-60f7ee65 elementor-section-full_width elementor-section-height-full elementor-section-height-default\" data-id=\"60f7ee65\" data-element_type=\"section\" data-e-type=\"section\">\n\t\t\t\t\t\t<div class=\"elementor-container elementor-column-gap-no\">\n\t\t\t\t\t<div class=\"elementor-column elementor-col-50 elementor-inner-column elementor-element elementor-element-3e9ede55\" data-id=\"3e9ede55\" data-element_type=\"column\" data-e-type=\"column\">\n\t\t\t<div class=\"elementor-widget-wrap elementor-element-populated\">\n\t\t\t\t\t\t<div class=\"elementor-element elementor-element-d400a21 elementor--h-position-center elementor--v-position-middle elementor-widget elementor-widget-slides\" data-id=\"d400a21\" data-element_type=\"widget\" data-e-type=\"widget\" data-settings=\"{&quot;navigation&quot;:&quot;none&quot;,&quot;transition&quot;:&quot;fade&quot;,&quot;transition_speed&quot;:2000,&quot;autoplay&quot;:&quot;yes&quot;,&quot;autoplay_speed&quot;:5000,&quot;infinite&quot;:&quot;yes&quot;}\" data-widget_type=\"slides.default\">\n\t\t\t\t<div class=\"elementor-widget-container\">\n\t\t\t\t\t\t\t\t\t<div class=\"elementor-swiper\">\n\t\t\t\t\t<div class=\"elementor-slides-wrapper elementor-main-swiper swiper\" role=\"region\" aria-roledescription=\"carousel\" aria-label=\"Slides\" dir=\"ltr\" data-animation=\"\">\n\t\t\t\t<div class=\"swiper-wrapper elementor-slides\">\n\t\t\t\t\t\t\t\t\t\t<div class=\"elementor-repeater-item-065e7b1 swiper-slide\" role=\"group\" aria-roledescription=\"slide\"><div class=\"swiper-slide-bg\" role=\"img\" aria-label=\"PUBLISIND o federa\u021bie sindical\u0103 care reprezint\u0103 toate categoriile de salaria\u021bi care \u00eendeplinesc serviciul public. Are ca membri sindicate care ap\u0103r\u0103 drepturile salaria\u021bilor din Poli\u021bie, Poli\u021bia de Frontier\u0103 sau Poli\u021bia Penitenciar\u0103.\"><\/div><a class=\"swiper-slide-inner\" href=\"https:\/\/publisind.ro\/\" target=\"_blank\"><div class=\"swiper-slide-contents\"><\/div><\/a><\/div><div class=\"elementor-repeater-item-f049541 swiper-slide\" role=\"group\" aria-roledescription=\"slide\"><div class=\"swiper-slide-bg\" role=\"img\" aria-label=\"Sindicatul Poli\u021bi\u0219tilor Europeni EUROPOL este cel mai dinamic sindicat din cadrul Ministerului Administra\u021biei \u0219i Internelor - MAI. Are membri din structurile specifice poli\u021biei: administra\u021bie, ordine public\u0103 sau ap\u0103rare a frontierelor.\"><\/div><a class=\"swiper-slide-inner\" href=\"https:\/\/sindicateuropol.ro\/\" target=\"_blank\"><div class=\"swiper-slide-contents\"><\/div><\/a><\/div><div class=\"elementor-repeater-item-b33ee5f swiper-slide\" role=\"group\" aria-roledescription=\"slide\"><div class=\"swiper-slide-bg\" role=\"img\" aria-label=\"PUBLISIND o federa\u021bie sindical\u0103 care reprezint\u0103 toate categoriile de salaria\u021bi care \u00eendeplinesc serviciul public. Are ca membri sindicate care ap\u0103r\u0103 drepturile salaria\u021bilor din Poli\u021bie, Poli\u021bia de Frontier\u0103 sau Poli\u021bia Penitenciar\u0103.\"><\/div><a class=\"swiper-slide-inner\" href=\"https:\/\/publisind.ro\/\" target=\"_blank\"><div class=\"swiper-slide-contents\"><\/div><\/a><\/div><div class=\"elementor-repeater-item-e9aa7c0 swiper-slide\" role=\"group\" aria-roledescription=\"slide\"><div class=\"swiper-slide-bg\" role=\"img\" aria-label=\"Sindicatul Na\u021bional al Poli\u021bi\u0219tilor de Penitenciare - SNPP este cel mai mare sindicat din cadrul Administra\u021biei Na\u021bionale a Penitenciarelor - ANP. Lupt\u0103 pentru ap\u0103rarea drepturilor poli\u021bi\u0219tilor de penitenciare.\"><\/div><a class=\"swiper-slide-inner\" href=\"https:\/\/snpp.ro\/\" target=\"_blank\"><div class=\"swiper-slide-contents\"><\/div><\/a><\/div>\t\t\t\t<\/div>\n\t\t\t\t\t\t\t\t\t\t\t\t\t\t\t\t\t\t\t\t\t<\/div>\n\t\t\t\t<\/div>\n\t\t\t\t\t\t\t\t<\/div>\n\t\t\t\t<\/div>\n\t\t\t\t<div class=\"elementor-element elementor-element-b17991a elementor-widget elementor-widget-heading\" data-id=\"b17991a\" data-element_type=\"widget\" data-e-type=\"widget\" data-widget_type=\"heading.default\">\n\t\t\t\t<div class=\"elementor-widget-container\">\n\t\t\t\t\t<h2 class=\"elementor-heading-title elementor-size-default\">Ai uitat parola?<\/h2>\t\t\t\t<\/div>\n\t\t\t\t<\/div>\n\t\t\t\t<div class=\"elementor-element elementor-element-14958630 elementor-button-align-stretch elementor-widget elementor-widget-form\" data-id=\"14958630\" data-element_type=\"widget\" data-e-type=\"widget\" id=\"frm_lost_password\" data-settings=\"{&quot;step_next_label&quot;:&quot;Next&quot;,&quot;step_previous_label&quot;:&quot;Previous&quot;,&quot;button_width&quot;:&quot;100&quot;,&quot;step_type&quot;:&quot;number_text&quot;,&quot;step_icon_shape&quot;:&quot;circle&quot;}\" data-widget_type=\"form.default\">\n\t\t\t\t<div class=\"elementor-widget-container\">\n\t\t\t\t\t\t\t<form data-actions=\"lost-password, message\" class=\"elementor-form\" method=\"post\" id=\"id_password_recovery\" name=\"Lost password form\" aria-label=\"Lost password form\">\n\t\t\t<input type=\"hidden\" name=\"post_id\" value=\"321\"\/>\n\t\t\t<input type=\"hidden\" name=\"form_id\" value=\"14958630\"\/>\n\t\t\t<input type=\"hidden\" name=\"referer_title\" value=\"\" \/>\n\n\t\t\t\n\t\t\t<div class=\"elementor-form-fields-wrapper elementor-labels-\">\n\t\t\t\t\t\t\t\t<div class=\"elementor-field-type-email elementor-field-group elementor-column elementor-field-group-email elementor-repeater-item-3343893 elementor-col-100 elementor-field-required\">\n\t\t\t\t\t\t\t\t\t\t\t\t<label for=\"form-field-email\" class=\"elementor-field-label elementor-screen-only\">\n\t\t\t\t\t\t\t\tEmail\t\t\t\t\t\t\t<\/label>\n\t\t\t\t\t\t\t\t\t\t\t\t\t\t<input size=\"1\" type=\"email\" name=\"form_fields[email]\" id=\"form-field-email\" class=\"elementor-field elementor-size-sm  elementor-field-textual\" placeholder=\"Email-ul cu care te-ai \u00eenregistrat\" required=\"required\">\n\t\t\t\t\t\t\t\t\t\t\t<\/div>\n\t\t\t\t\t\t\t\t<div class=\"elementor-field-type-hidden elementor-field-group elementor-column elementor-field-group-site_url elementor-repeater-item-16b584e elementor-col-100\">\n\t\t\t\t\t\t\t\t\t\t\t\t\t<input size=\"1\" type=\"hidden\" name=\"form_fields[site_url]\" id=\"form-field-site_url\" class=\"elementor-field elementor-size-sm  elementor-field-textual\" value=\"https:\/\/eadmitere.ro\/teste-politie\">\n\t\t\t\t\t\t\t\t\t\t\t<\/div>\n\t\t\t\t\t\t\t\t<div class=\"elementor-field-type-hidden elementor-field-group elementor-column elementor-field-group-nume_site elementor-repeater-item-bff19ee elementor-col-100\">\n\t\t\t\t\t\t\t\t\t\t\t\t\t<input size=\"1\" type=\"hidden\" name=\"form_fields[nume_site]\" id=\"form-field-nume_site\" class=\"elementor-field elementor-size-sm  elementor-field-textual\" value=\"eAdmitere.ro: eAdmitere.ro \u21ac teste admitere poli\u021bie\">\n\t\t\t\t\t\t\t\t\t\t\t<\/div>\n\t\t\t\t\t\t\t\t<div class=\"elementor-field-group elementor-column elementor-field-type-submit elementor-col-100 e-form__buttons\">\n\t\t\t\t\t<button class=\"elementor-button elementor-size-sm\" type=\"submit\">\n\t\t\t\t\t\t<span class=\"elementor-button-content-wrapper\">\n\t\t\t\t\t\t\t\t\t\t\t\t\t\t\t\t\t\t\t\t\t\t<span class=\"elementor-button-text\">Recupereaz\u0103 parola<\/span>\n\t\t\t\t\t\t\t\t\t\t\t\t\t<\/span>\n\t\t\t\t\t<\/button>\n\t\t\t\t<\/div>\n\t\t\t<\/div>\n\t\t<\/form>\n\t\t\t\t\t\t<\/div>\n\t\t\t\t<\/div>\n\t\t\t\t<div class=\"elementor-element elementor-element-6d2f723e elementor-align-justify elementor-widget elementor-widget-button\" data-id=\"6d2f723e\" data-element_type=\"widget\" data-e-type=\"widget\" data-widget_type=\"button.default\">\n\t\t\t\t<div class=\"elementor-widget-container\">\n\t\t\t\t\t\t\t\t\t<div class=\"elementor-button-wrapper\">\n\t\t\t\t\t<a class=\"elementor-button elementor-button-link elementor-size-sm\" href=\"https:\/\/eadmitere.ro\/teste-politie\/login\/\" id=\"btn_login\">\n\t\t\t\t\t\t<span class=\"elementor-button-content-wrapper\">\n\t\t\t\t\t\t\t\t\t<span class=\"elementor-button-text\">Renun\u021b\u0103<\/span>\n\t\t\t\t\t<\/span>\n\t\t\t\t\t<\/a>\n\t\t\t\t<\/div>\n\t\t\t\t\t\t\t\t<\/div>\n\t\t\t\t<\/div>\n\t\t\t\t\t<\/div>\n\t\t<\/div>\n\t\t\t\t<div class=\"elementor-column elementor-col-50 elementor-inner-column elementor-element elementor-element-61a84dc\" data-id=\"61a84dc\" data-element_type=\"column\" data-e-type=\"column\">\n\t\t\t<div class=\"elementor-widget-wrap elementor-element-populated\">\n\t\t\t\t\t\t<div class=\"elementor-element elementor-element-f162518 elementor--h-position-center elementor--v-position-middle elementor-widget elementor-widget-slides\" data-id=\"f162518\" data-element_type=\"widget\" data-e-type=\"widget\" data-settings=\"{&quot;navigation&quot;:&quot;none&quot;,&quot;transition&quot;:&quot;fade&quot;,&quot;transition_speed&quot;:1000,&quot;autoplay_speed&quot;:7500,&quot;autoplay&quot;:&quot;yes&quot;,&quot;pause_on_hover&quot;:&quot;yes&quot;,&quot;pause_on_interaction&quot;:&quot;yes&quot;,&quot;infinite&quot;:&quot;yes&quot;}\" data-widget_type=\"slides.default\">\n\t\t\t\t<div class=\"elementor-widget-container\">\n\t\t\t\t\t\t\t\t\t<div class=\"elementor-swiper\">\n\t\t\t\t\t<div class=\"elementor-slides-wrapper elementor-main-swiper swiper\" role=\"region\" aria-roledescription=\"carousel\" aria-label=\"Slides\" dir=\"ltr\" data-animation=\"zoomIn\">\n\t\t\t\t<div class=\"swiper-wrapper elementor-slides\">\n\t\t\t\t\t\t\t\t\t\t<div class=\"elementor-repeater-item-efaccd7 swiper-slide\" role=\"group\" aria-roledescription=\"slide\"><div class=\"swiper-slide-bg elementor-ken-burns elementor-ken-burns--out\" role=\"img\" aria-label=\"Preg\u0103tirea pentru meseria de jandarm o faci urm\u00e2nd cursurile oferite de Academia de Poli\u0163ie \u201eAlexandru Ioan Cuza\u201d - Facultatea de Poli\u021bie, \u015ecoala Militar\u0103 de Subofi\u0163eri de Jandarmi \u201eGrigore Alexandru Ghica\u201d - Dr\u0103g\u0103\u015fani sau \u015ecoala Militar\u0103 de Subofi\u0163eri Jandarmi \u201ePetru Rare\u0219\u201d - F\u0103lticeni. La noi g\u0103se\u0219ti cea mai complet\u0103 ofert\u0103 de teste pentru admitere. Totul foarte ieftin. Dar de calitate.\"><\/div><div class=\"swiper-slide-inner\" ><div class=\"swiper-slide-contents\"><div class=\"elementor-slide-heading\">Jandarmi<\/div><div class=\"elementor-slide-description\">\u00ce\u021bi place uniforma militar\u0103? Vrei s\u0103 faci o carier\u0103 \u00eentr-o meserie care protejeaz\u0103 ordinea public\u0103? Te ajut\u0103m s\u0103-\u021bi \u00eempline\u0219ti visele.<\/div><\/div><\/div><\/div><div class=\"elementor-repeater-item-8520761 swiper-slide\" role=\"group\" aria-roledescription=\"slide\"><div class=\"swiper-slide-bg elementor-ken-burns elementor-ken-burns--in\" role=\"img\" aria-label=\"Preg\u0103tirea pentru profesia de pompier se face prin Facultatea de Pompieri din cadrul Academiei de Poli\u021bie, pentru ofi\u021beri, sau \u015ecoala de Subofi\u0163eri Pompieri \u015fi Protec\u0163ie Civil\u0103 \u201ePavel Z\u0103g\u0103nescu\u201d - Bolde\u015fti. Preg\u0103tirea pentru admitere po\u021bi s\u0103 o faci pe eAdmitere.ro. Aici g\u0103se\u0219ti testele de matematic\u0103 \u0219i fizic\u0103 de care ai nevoie.\"><\/div><div class=\"swiper-slide-inner\" ><div class=\"swiper-slide-contents\"><div class=\"elementor-slide-heading\">Pompieri<\/div><div class=\"elementor-slide-description\">Vrei s\u0103 faci parte din r\u00e2ndul colegilor care au una dintre cele mai respectate meserii din \u021bar\u0103? Nu este a\u0219a de greu. Noi te ajut\u0103m!<\/div><\/div><\/div><\/div><div class=\"elementor-repeater-item-42623a4 swiper-slide\" role=\"group\" aria-roledescription=\"slide\"><div class=\"swiper-slide-bg elementor-ken-burns elementor-ken-burns--out\" role=\"img\" aria-label=\"Academia de Poli\u0163ie \u201eAlexandru Ioan Cuza\u201d - Facultatea de Poli\u021bie, \u015ecoala de Agen\u0163i de Poli\u0163ie \u201eSeptimiu Mure\u015fan\u201d - Cluj Napoca sau \u015ecoala de Agen\u0163i de Poli\u0163ie \u201eVasile Lasc\u0103r\u201d - C\u00e2mpina te ajut\u0103 s\u0103 ob\u021bii calificarea necesar\u0103 practic\u0103rii meseriei de poli\u021bist. eAdmitere.ro te ajut\u0103 s\u0103 te preg\u0103te\u0219ti pentru admitere. \u00ce\u021bi punem la dispozi\u021bie teste \u0219i subiecte folosite \u00een sesiunile anterioare la pre\u021buri corecte. Po\u021bi s\u0103 \u00eencerci teste gratis.\"><\/div><div class=\"swiper-slide-inner\" ><div class=\"swiper-slide-contents\"><div class=\"elementor-slide-heading\">Poli\u021bie<\/div><div class=\"elementor-slide-description\">Vrei s\u0103 ai o meserie pus\u0103 \u00een slujba cet\u0103\u021beanului? Suntem aici. \u00ce\u021bi oferim acces la <b>subiecte reale<\/b> cu care s-au confruntat candida\u021bii din anii trecu\u021bi.<\/div><\/div><\/div><\/div><div class=\"elementor-repeater-item-1cb1955 swiper-slide\" role=\"group\" aria-roledescription=\"slide\"><div class=\"swiper-slide-bg elementor-ken-burns elementor-ken-burns--in\" role=\"img\" aria-label=\"Po\u021bi \u00eencepe o carier\u0103 ca \u0219i poli\u021bist de frontier\u0103 dac\u0103 urmezi cursurile oferite de Academia de Poli\u0163ie \u201eAlexandru Ioan Cuza\u201d \u2013 Facultatea de Poli\u021bie sau \u015ecoala de Preg\u0103tire a Agen\u0163ilor Poli\u0163iei de Frontier\u0103 \u201eAvram Iancu\u201d - Oradea. Noi \u00ee\u021bi oferim cea mai complet\u0103 gam\u0103 de teste pentru admitere la pre\u021buri mici sau foarte mici. Po\u021bi s\u0103 \u00eencerci testele chiar gratis.\"><\/div><div class=\"swiper-slide-inner\" ><div class=\"swiper-slide-contents\"><div class=\"elementor-slide-heading\">Poli\u021bia de frontier\u0103<\/div><div class=\"elementor-slide-description\">Vrei s\u0103 protejezi lini\u0219tea celor dragi? Frontierele \u021b\u0103rii sunt limita. Vino al\u0103turi al\u0103turi de noi! Fii curajos! <\/div><\/div><\/div><\/div><div class=\"elementor-repeater-item-647affa swiper-slide\" role=\"group\" aria-roledescription=\"slide\"><div class=\"swiper-slide-bg elementor-ken-burns elementor-ken-burns--out\" role=\"img\" aria-label=\"Preg\u0103tirea pentru meseria de poli\u021bist de penitenciare o po\u021bi dob\u00e2ndi urm\u00e2nd cursurile oferite de Academia de Poli\u0163ie \u201eAlexandru Ioan Cuza\u201d - Facultatea de Poli\u021bie, pentru ofi\u021beri de penitenciare, sau \u015ecoala Na\u0163ional\u0103 de Preg\u0103tire a Agen\u0163ilor de Penitenciare - T\u00e2rgu Ocna. Pe eAdmitere.ro g\u0103se\u0219ti teste gratuite pentru admitere.\"><\/div><div class=\"swiper-slide-inner\" ><div class=\"swiper-slide-contents\"><div class=\"elementor-slide-heading\">Poli\u021bia penitenciar\u0103<\/div><div class=\"elementor-slide-description\">Alege una dintre cele mai complexe meserii din sistemul de ordine public\u0103 \u0219i siguran\u021b\u0103 na\u021bional\u0103! Fii colegul nostru!<\/div><\/div><\/div><\/div>\t\t\t\t<\/div>\n\t\t\t\t\t\t\t\t\t\t\t\t\t\t\t\t\t\t\t\t\t<\/div>\n\t\t\t\t<\/div>\n\t\t\t\t\t\t\t\t<\/div>\n\t\t\t\t<\/div>\n\t\t\t\t\t<\/div>\n\t\t<\/div>\n\t\t\t\t\t<\/div>\n\t\t<\/section>\n\t\t\t\t\t<\/div>\n\t\t<\/div>\n\t\t\t\t\t<\/div>\n\t\t<\/section>\n\t\t\t\t<\/div>\n\t\t","protected":false},"excerpt":{"rendered":"<p>Ai uitat parola? Renun\u021b\u0103 Jandarmi\u00ce\u021bi place uniforma militar\u0103? Vrei s\u0103 faci o carier\u0103 \u00eentr-o meserie care protejeaz\u0103 ordinea public\u0103? Te ajut\u0103m s\u0103-\u021bi \u00eempline\u0219ti visele.PompieriVrei s\u0103 faci parte din r\u00e2ndul colegilor care au una dintre cele mai respectate meserii din \u021bar\u0103? Nu este a\u0219a de greu. Noi te ajut\u0103m!Poli\u021bieVrei s\u0103 ai o meserie pus\u0103 \u00een slujba [&hellip;]<\/p>\n","protected":false},"author":2,"featured_media":0,"parent":0,"menu_order":0,"comment_status":"closed","ping_status":"closed","template":"elementor_canvas","meta":{"_acf_changed":false,"inline_featured_image":false,"footnotes":""},"class_list":["post-321","page","type-page","status-publish","hentry"],"acf":[],"_links":{"self":[{"href":"https:\/\/eadmitere.ro\/teste-politie\/wp-json\/wp\/v2\/pages\/321","targetHints":{"allow":["GET"]}}],"collection":[{"href":"https:\/\/eadmitere.ro\/teste-politie\/wp-json\/wp\/v2\/pages"}],"about":[{"href":"https:\/\/eadmitere.ro\/teste-politie\/wp-json\/wp\/v2\/types\/page"}],"author":[{"embeddable":true,"href":"https:\/\/eadmitere.ro\/teste-politie\/wp-json\/wp\/v2\/users\/2"}],"replies":[{"embeddable":true,"href":"https:\/\/eadmitere.ro\/teste-politie\/wp-json\/wp\/v2\/comments?post=321"}],"version-history":[{"count":0,"href":"https:\/\/eadmitere.ro\/teste-politie\/wp-json\/wp\/v2\/pages\/321\/revisions"}],"wp:attachment":[{"href":"https:\/\/eadmitere.ro\/teste-politie\/wp-json\/wp\/v2\/media?parent=321"}],"curies":[{"name":"wp","href":"https:\/\/api.w.org\/{rel}","templated":true}]}}